+ 26 + 13 + 6*u - 10*u. Let c be w(6). Suppose 0 = -5*m + 5*s + 565, -6*m - 2*s + 349 = -c*m. What is the highest common divisor of m and 23?
23
Let m(l) = -l + 8. Let s be m(5). Let a(k) = 0*k**s + 0*k**3 - 9*k + 1 + 0*k**3 - k**3 + 9*k**2. Let r be a(7). Calculate the greatest common factor of 4 and r.
4
Let o = -14 - -5. Let y be 4 + 5 + o/3. Let u be 8/(4 - y) - -69. What is the highest common factor of 13 and u?
13
Let r be (-60)/(-210) + 150/14. Suppose -7*i = -r*i - 5*s + 1620, s = -5*i + 2004. What is the greatest common factor of i and 60?
20
Suppose -n + 29 = 31, 0 = -3*o - n + 16. Let k be 1/((-39)/o) - 13546/(-169). Calculate the greatest common factor of 2 and k.
2
Let s(l) = -1399*l + 8427. Let d be s(6). Suppose 64 = -2*t + 328. Calculate the highest common factor of d and t.
33
Let q(x) = -15*x**3 - 3*x**2 - 9*x - 14. Let v be q(-2). Suppose -4*y + 58 = -3*a + 5*a, -3*y + 37 = -5*a. What is the highest common factor of v and y?
14
Suppose -2*p + 223 = -289. Let k = p + -241. Calculate the greatest common factor of 15 and k.
15
Suppose -16*m + 204 = -1620. What is the greatest common factor of m and 18?
6
Let w be -116*(39/6)/(14 + -16). Calculate the greatest common factor of w and 493.
29
Suppose 0 = -l - 4*k - 1, 4*l - 39 = 5*k + 41. Let x be 3*2/(-6) + 15/((-60)/(-224)). What is the greatest common divisor of l and x?
5
Let a be (3 + 123/3)*(-12)/(-8). Let l be 114*(78/a + (-4)/22). Calculate the greatest common divisor of 6 and l.
6
Suppose x - 6*x + b = 23, 0 = 3*x + 4*b. Let p be (x/4)/((-3531)/(-1767) + -2). Calculate the greatest common factor of 19 and p.
19
Suppose -5*p + 2*o + 552 = 0, 0*o = -4*p - o + 452. Suppose 7*b - 5*t - 2521 = -536, -835 = -3*b - t. Calculate the highest common divisor of p and b.
56
Let h = 18554 - -21382. What is the highest common divisor of 39 and h?
39
Let m be (-8)/(-3)*((-90)/24 + 6). Suppose m*c + 26*c = 448. What is the highest common divisor of 49 and c?
7
Let d be (4 - -17)*170/119. What is the greatest common divisor of 54 and d?
6
Let o be (2 - (-16)/(-14))/((-14)/2058*-3). Suppose -p + 3*p - 336 = 0. What is the highest common factor of o and p?
42
Let o be ((-3432)/(-26))/((45/(-6))/(-5)). Calculate the highest common divisor of o and 3047.
11
Suppose -3924 = -6*i + 978. What is the highest common factor of 43 and i?
43
Let i(q) be the first derivative of 13*q**3 - 5*q**2 + 16*q - 132. Let d be i(2). What is the greatest common divisor of 32 and d?
8
Suppose -565 = -3*j + 65. Let a = j + -197. What is the highest common factor of a and 13?
13
Let x(i) = -2*i**2 - 24*i + 24. Let w be x(-13). Let m be 2/(w - (-12)/8). Let s be (-20)/16*2*m. What is the highest common factor of 90 and s?
10
Let n be (-15)/(-6) + (-1)/2. Suppose -2*b - n*b = -304. Suppose m + 23 = r, -6*r = -3*m - 148 + 22. What is the greatest common divisor of b and r?
19
Let d = 7027 + -215. Calculate the greatest common divisor of d and 52.
52
Let p(g) = -122*g + 2967. Let t be p(24). What is the highest common divisor of 2795 and t?
13
Suppose -9*y - 40*y + 10*y = -46371. Calculate the greatest common factor of 290 and y.
29
Suppose 4*u + 35 = 63. Calculate the greatest common factor of 287 and u.
7
Let s = 382 + 3. Let x = 14853 - 14783. Calculate the highest common divisor of x and s.
35
Let m be -6*(15/(-9))/5. Let o be 16/(-6)*(-33)/m. Suppose -6*z + 76 + o = 0. Calculate the highest common factor of 5 and z.
5
Let k(b) = 91*b**2 - 17*b - 4. Let n be k(1). What is the highest common divisor of n and 1183?
7
Suppose -11374 = -6*l - 3*l - 13*l. What is the highest common factor of l and 385?
11
Let x(m) = 7*m - 1. Let y be x(1). Suppose -11*w - 12*w = -253. Suppose -w*i + 175 = -y*i. Calculate the greatest common divisor of i and 7.
7
Let c = -12 + 16. Suppose 0 = -h - 4*x - 11, h = -4*h - c*x - 23. Let f = 27 - h. Calculate the greatest common factor of 120 and f.
30
Let o be 10/6 + 10400/24. What is the greatest common factor of o and 1015?
145
Suppose 61*v = 188*v - 6858. Let p be 36/(-3 - (-2 + -2)). Calculate the highest common divisor of p and v.
18
Suppose 63*d - 3613 = 923. Calculate the greatest common divisor of 7398 and d.
18
Let c = 14296 + -14260. What is the highest common divisor of c and 381?
3
Let m be (-5)/((0 + -1)/(-1)). Let r = 16 + m. Let q(k) = -k**2 + 5*k + 35. Let f be q(8). Calculate the highest common factor of f and r.
11
Suppose 9*n + 162 + 171 = 0. Let k = -31 - n. Let b(t) = 9*t - 3. Let c be b(2). What is the highest common divisor of k and c?
3
Let v(q) = -q**3 - 6*q**2 + 10*q + 55. Let n be v(-5). Let x(z) = -2*z**2 - 44*z - 22. Let r be x(n). Calculate the highest common divisor of 145 and r.
29
Suppose 7*x - 10*x - 33 = 3*l, -26 = 2*l + 4*x. Let f(w) = -8*w - 12. Let c be f(l). What is the greatest common factor of c and 45?
15
Let p(m) = -4*m + 12. Let u be p(0). Let n = 15 - u. Suppose -j + 6 = -3*v, -v + 17 - n = 5*j. Calculate the greatest common divisor of 18 and j.
3
Suppose 3*v = 2*v - 4*c - 155, -5*v - c - 813 = 0. Let g = v + 164. Calculate the greatest common divisor of 31 and g.
1
Suppose -37*w + 44103 - 25312 + 47513 = 0. Calculate the highest common divisor of w and 2.
2
Suppose 21 - 7 = 7*v. Suppose -b + 68 = v*i - 2*b, i + 4*b - 52 = 0. Calculate the greatest common factor of i and 24.
12
Let q(s) = s**3 - 11*s**2 + 410*s - 5796. Let u be q(14). Let f(z) = -z**2 - 11*z + 4. Let d be f(-8). Calculate the highest common factor of u and d.
28
Let z = -252 + 312. Calculate the greatest common divisor of 1660 and z.
20
Let m(c) = -28*c - 12. Let x be m(-6). Suppose -2*j + 4*l = -228, 0 = j + 142*l - 137*l - 79. What is the highest common factor of x and j?
52
Suppose 10*m + 188 = 12*m. Let i be -2*(1 - m/(-4)). Let t = -4 - i. Calculate the highest common divisor of 15 and t.
15
Let d = -9829 + 9861. Let f = 4315 + -3003. Calculate the greatest common divisor of f and d.
32
Let m = -3161 - -3201. What is the highest common divisor of m and 680?
40
Let a = -21365 + 21456. Calculate the highest common factor of 169 and a.
13
Let w(s) = 4*s**2 - 56*s + 156. Let o be w(3). What is the highest common divisor of 116 and o?
4
Let a = 86 - 73. Let t(y) = y**3 - 11*y**2 - 26*y + 17. Let c be t(a). Let q = 23 - -11. Calculate the highest common divisor of c and q.
17
Suppose 0 = 50*b - 37*b - 130. Calculate the highest common divisor of 28 and b.
2
Let d = 7419 + 1702. What is the greatest common factor of 7 and d?
7
Let v(y) = -3*y**2 + 156*y + 543. Let s be v(54). What is the highest common factor of 8468 and s?
73
Suppose -13*f + 91 = -234. Suppose -f = 5*g, -62 = -2*z + 8*g - 6*g. What is the greatest common divisor of z and 13?
13
Let h(s) = 2*s**2 - 5*s - 18. Let v be h(6). Suppose 18*o + 330 = v*o. Calculate the highest common divisor of 440 and o.
55
Let o = 236 - 234. Suppose 4*n = -o*j + 20, 0 = 3*n - 4*j - 5 + 1. Calculate the greatest common divisor of n and 16.
4
Suppose 2*w + 10 = 7*w - 2*l, -3*w - 4*l = -32. Suppose 125 = w*q - 451. What is the greatest common divisor of 96 and q?
48
Let k = 144 - 144. Let i be 4/(k + (-3)/(-6)). Calculate the greatest common divisor of i and 76.
4
Let u = -6 - -8. Suppose -176 = -3*r - 2*x, 0 = -7*r + 3*r - u*x + 232. Suppose 0*h + r = 4*h. Calculate the greatest common factor of h and 126.
14
Suppose -3*c + 0*c = -7*c. Suppose c = 5*j + j + 198. Let a = j - -78. What is the highest common divisor of 18 and a?
9
Let l = 8370 + -8342. Calculate the greatest common factor of l and 2191.
7
Let c(h) = -h**2 + 125*h + 3191. Let k be c(-21). Suppose -116 = -b - 4*w, 5*b - w = 205 + 291. Calculate the highest common factor of k and b.
25
Let p = -259 - -256. Let l be 5 - -30 - (-5 - (p + 2)). Calculate the highest common factor of l and 312.
39
Suppose -16*r + 33 = -13*r. Let i be (9/(-2))/(r + 135/(-12)). What is the highest common divisor of 36 and i?
18
Suppose -12*z + 2*z = -1610. Let w = -92 + z. Calculate the highest common divisor of w and 23.
23
Suppose 5*a - 843 = 57. Suppose -4*p = -a - 28. Let k(c) = -c**3 + 66*c**2 - 364*c + 292. Let v be k(60). What is the highest common divisor of v and p?
52
Suppose -3*f + 2*x = -10 - 27, 2*x = 5*f - 63. Suppose -6*v = -260 - 412. Suppose f*y - v = 9*y. What is the highest commo